*z = n*z - 120, 3*z = -c + 35. What is the tens digit of c?
2
Let n(p) = 29*p**2 - 2*p + 1. Let k be n(1). Suppose -4*z - k = -36. Suppose -b - 32 = -r, z*r - 6*b + 2*b = 72. What is the tens digit of r?
2
Suppose -140 = 58*s - 59*s. Suppose 12*q - 8*q - s = 0. What is the tens digit of q?
3
Let i(b) = 51*b**2 - 4*b - 3. Let d be i(-2). Let q be (-1)/(-3) + 550*(-18)/(-108). Let t = d - q. What is the hundreds digit of t?
1
What is the tens digit of -2 + 2 + 8090 + 5 + 27/(-9)?
9
Let h = 695 - 654. Suppose 55*k = h*k + 19712. What is the units digit of k?
8
Suppose 20800 = -19*x + 11*x. What is the tens digit of (9 + 0 + -2)*x/(-140)?
3
Let i(m) be the first derivative of -m**2/2 + 13*m - 3. Let j be i(4). Suppose j = 2*n - 141. What is the tens digit of n?
7
What is the tens digit of ((-572)/33)/((-16)/800*4/3)?
5
Let k(h) = -h**2 + 6*h - 5. Let w be k(4). Suppose -1082 = -w*t + 5*a, -a + 5*a - 8 = 0. What is the units digit of t?
4
Let m(d) = 29*d**2 + 35*d + 67. What is the tens digit of m(25)?
6
Let t(d) = -48*d - 152. Let f be t(-14). Suppose 4*x - f = -4*i, -2*x + 5*i = -x - 106. What is the units digit of x?
6
Suppose -24544 = 11*t - 15*t - 2*f, 18395 = 3*t - 5*f. What is the thousands digit of t?
6
Let z = -195 + 196. What is the hundreds digit of 428/z - -1 - 6?
4
Let j = -265 - -417. Let d = 296 - j. Suppose -d - 1026 = -15*v. What is the tens digit of v?
7
Let w(t) = -69610*t - 109. What is the tens digit of w(-1)?
0
Suppose -4*r + 3*d = -20, -4 = -r + 2*d + 6. Suppose -r*i = -5*w - 624, 2*i = -i + 3*w + 927. What is the tens digit of i?
0
Suppose 10 = 3*p + 11*w - 10*w, 0 = -5*w - 25. Let n(l) = l**3 - 4*l + 14. What is the units digit of n(p)?
9
Suppose 41*v - 46*v = 25. Let y(m) = -m**3 + 4*m**2 - 8*m - 12. Let a be y(v). Let u = -136 + a. What is the tens digit of u?
1
Let l(t) = t**3 + 14*t**2 - 13*t + 17. Let f be l(-15). Let g be (-4)/(-26) + 4903/f. What is the units digit of g/(-39)*2*3?
8
Let s = 13 + -19. Let n(z) = -32*z + 46. What is the tens digit of n(s)?
3
Suppose 117193 = 19*s - 110085. What is the units digit of s?
2
Let p be ((-12)/(-8) - 0)*(-1 + -1). What is the tens digit of (p - 7/(-3))/((-24)/25308)?
0
Suppose -o = -0*o - 15. Suppose -5*q + o = 0, 239 = 4*t - 3*t + 4*q. Let i = -147 + t. What is the tens digit of i?
8
Let z = -610 - -10412. What is the hundreds digit of z?
8
Suppose 6*i + 638 - 1784 = 0. Let m = 483 - i. What is the units digit of m?
2
Suppose 2*a + 3*a + 3*y - 16 = 0, -5*a + 2*y = -31. Suppose 48 = -o + a*o. Suppose 18 + o = 5*k. What is the units digit of k?
6
Let n = -9995 - -47760. What is the thousands digit of n?
7
Let f(y) = -y**2 - 202*y + 54. What is the thousands digit of f(-32)?
5
Let i(r) = 28 - r**2 + 532*r - 591*r + 8. What is the hundreds digit of i(-19)?
7
Let h be -44 - (-4 + 1/1). Let f = h - -43. Suppose -2*c - f*i = -78, 0 = i - 4*i - 3. What is the tens digit of c?
4
Let f = 215 + -212. What is the hundreds digit of (f/9)/(1/1146)?
3
Let i(r) = -1258*r + 137. What is the hundreds digit of i(-5)?
4
What is the hundreds digit of 2/(3/(-45909)*-3) - (-5 + -1)?
2
Let z be 1 + 0 + -6 + 131 + -6. What is the units digit of (-180)/z - (-1 + (-1589)/2)?
4
Let z = 274 + -153. Suppose 0 = -3*s - 5*v + 328, 3*s - 2*s = -4*v + z. Suppose -s = 4*u - 393. What is the tens digit of u?
7
Let f(o) = -o**3 + 3*o**2 + 28*o - 42. What is the thousands digit of f(-18)?
6
Suppose -2*d - 13 = 11*d. What is the units digit of (2 + 14)/(-2)*80/d?
0
Let j be (-372)/(-21) - (-2)/(-21)*-3. Suppose -j = -6*s + 3*s. Suppose -s*o - 30 = -450. What is the units digit of o?
0
Let p(q) = -q**2 + 10*q - 15. Let w be p(10). Let m(h) = h + 20. Let o be m(w). Suppose -107 = -5*s + o*b + 103, -s + 4*b = -33. What is the units digit of s?
5
Suppose -5*l + 10584 = 7*l. What is the hundreds digit of l?
8
Let g(a) = -5*a**3 - 75*a**2 + 128*a + 3. Let z(t) = -t**3 - 19*t**2 + 32*t + 1. Let s(n) = -2*g(n) + 9*z(n). What is the hundreds digit of s(22)?
1
Let i(q) = 19*q**2 - 175*q + 22. What is the units digit of i(15)?
2
Let k(m) = -m**2 + 8*m + 9. Let a be k(9). Let c(y) = -y**2 - 2*y + 416. What is the units digit of c(a)?
6
Suppose 26*o + 2*a - 30370 = 21*o, -4*a - 12124 = -2*o. Suppose -o = -7*t - 2047. What is the units digit of t?
5
Let d(g) = g**2 + 728*g + 56797. What is the thousands digit of d(0)?
6
Let i be 6/(-8) + 90571/52. Suppose 0 = -5*a + i + 29. What is the units digit of a?
4
Let y(d) = 115*d + 18. Let b(g) = 58*g + 9. Let c(o) = 5*b(o) - 3*y(o). What is the hundreds digit of c(-3)?
1
Suppose 0 = 8*t - 9*t + 2. Suppose t*d - 6*d - 144 = -2*y, y - 96 = -4*d. What is the tens digit of (-2)/16 + 1770/y?
2
Suppose -45*h - 2368 = -49*h. Suppose -160 = d - h. What is the tens digit of d?
3
Suppose 0 = 17*v - 22*v + 655. Suppose 2*k = -2*c + 7*c + v, -3*c + 186 = 3*k. Let t = -31 + k. What is the tens digit of t?
3
What is the thousands digit of 23924 + -13 + (17 - 0)?
3
Let r(h) = h**3 + 17*h**2 - 21*h - 3. Suppose 0 = -5*o - 69 + 19. What is the units digit of r(o)?
7
Let y(f) = -833*f - 2659. What is the hundreds digit of y(-12)?
3
What is the thousands digit of (-1)/(95/10) - (-196588)/133?
1
Let i be (-5)/20*-2*-94. Let y = i - -219. What is the hundreds digit of y?
1
Suppose -4607*d - 52051 + 2869 = -4628*d. What is the hundreds digit of d?
3
What is the tens digit of ((-80)/(-120))/(2/111)?
3
What is the tens digit of 1366/(-58055) + (-4435727)/(-85)?
8
What is the thousands digit of (-2956338)/(-395) - -3*(-4)/30?
7
Suppose -3*n - 5*k + 3 = n, -2 = -2*n - 2*k. Suppose -n*x - 5*b + 3*b = -730, -b = -2*x + 715. What is the units digit of x?
0
Let t(q) = 1894*q**2 - 16*q + 6. What is the tens digit of t(1)?
8
Suppose -5*b - f + 106 = 0, 2*b - 90 = -3*b - 5*f. Suppose 7*i = 3*i + 8, 4*x = 5*i - b. What is the tens digit of (5*x)/(21/(-238))?
7
Suppose 60*m = 848099 + 47515 + 296766. What is the ten thousands digit of m?
1
Suppose -4*c + 25 - 8 = -b, -4*c + 3*b + 19 = 0. Suppose f - c*f = -o - 1453, 5*f = -5*o + 2415. What is the tens digit of f?
8
Suppose 5*u - 9*u = -12, 162 = -f - 5*u. Let c = 303 + -8. Let z = f + c. What is the tens digit of z?
1
Let m(h) be the first derivative of h**4/4 + 5*h**3/2 + 33*h**2/2 - 27. Let o(t) be the second derivative of m(t). What is the units digit of o(0)?
5
Let u(z) be the third derivative of -29*z**4/12 - 13*z**3/6 + 47*z**2. What is the units digit of u(-3)?
1
Suppose -19 = 2*l - 23. Suppose -6*o - 5*x = -5*o + 34, l*o - 3*x = -29. Let v = 97 + o. What is the tens digit of v?
7
Let q(i) = -i + 1. Let p be q(-7). Let s = 56 + p. Suppose -68*o + 288 = -s*o. What is the units digit of o?
2
Let x = 73914 - 10057. What is the units digit of x?
7
Let q be (-1637132)/(-1475) - 4/(-50). Suppose -3*z = j - 2056, -q = -2*z - 5*j + 278. What is the tens digit of z?
8
Suppose 0 = -42*d - 24 - 60. Let n(h) = -101*h**3 - 7*h - 5. What is the tens digit of n(d)?
1
Suppose -339 - 555 = -3*d. Let i(b) = -293*b**3 - 2*b**2 + d - 153 - 7*b - 151. What is the hundreds digit of i(-1)?
2
Let p(k) = k**3 - 2*k**2 + 36*k + 695. What is the units digit of p(31)?
0
Suppose 77*i - 81*i + 208 = 0. Suppose -i*j = -36*j - 4608. What is the units digit of j?
8
Let a(d) = 17*d**2 + 227*d + 2. What is the tens digit of a(4)?
8
Let t(z) = 2*z + 19. Let r be t(-8). Let u(j) = -35*j + 0 + 2 + 3 + 45*j. What is the tens digit of u(r)?
3
Suppose -12*l + 85 = -35. Suppose l*c - 7332 = 28. Suppose 0*j + 1003 = 4*j + 3*h, 3*j - h = c. What is the hundreds digit of j?
2
Suppose 0 = -4*l + 4*s + 13604, 8*l - 2*s + 13616 = 12*l. What is the hundreds digit of l?
4
Let f be 1365/14 - 1/2. Suppose 0 = 11*l - f - 211. What is the tens digit of l?
2
Let s(d) = d**3 - 22*d**2 + 29*d - 4. Let g be s(24). Suppose 4*c - 2752 = g. What is the tens digit of c?
4
Let s(i) = 4*i**3 - 7*i**2 + 22*i - 13. Let j(d) = -2*d**3 + 10*d**2 - 3*d - 14. Let o be j(4). What is the hundreds digit of s(o)?
7
Let l(m) = -m**2 + 49*m + 17. Let o be l(23). Suppose i + 5*b = -0*i + o, 0 = -5*i - 2*b + 3190. What is the hundreds digit of i?
6
Let v(o) = -o**3 + 2*o**2 + o + 5. Let f be -2 + -1 + 21/7. Let k be v(f). Suppose k*w = 2*w + 2*x + 539, 5*w = x + 910. What is the units digit of w?
3
Let q = -40 - -22. Let w(d) = d**3